{"id":164044,"date":"2018-12-31T15:32:01","date_gmt":"2018-12-31T14:32:01","guid":{"rendered":"http:\/\/www.glitter.si\/?page_id=164044"},"modified":"2026-04-25T12:50:33","modified_gmt":"2026-04-25T10:50:33","slug":"glitter-ekipa","status":"publish","type":"page","link":"https:\/\/www.glitter.si\/?page_id=164044","title":{"rendered":"Glitter ekipa"},"content":{"rendered":"\t\t<div data-elementor-type=\"wp-page\" data-elementor-id=\"164044\" class=\"elementor elementor-164044\">\n\t\t\t\t<div class=\"elementor-element elementor-element-9685ded e-flex e-con-boxed e-con e-parent\" data-id=\"9685ded\" data-element_type=\"container\" data-e-type=\"container\">\n\t\t\t\t\t<div class=\"e-con-inner\">\n\t\t\t\t<div class=\"elementor-element elementor-element-1d4ce1c7 elementor-widget elementor-widget-text-editor\" data-id=\"1d4ce1c7\" data-element_type=\"widget\" data-e-type=\"widget\" data-widget_type=\"text-editor.default\">\n\t\t\t\t\t\t\t\t\t<h1>Glitter ekipa<\/h1>\n<div>&nbsp;<\/div>\n<p><!-- \/wp:heading --><\/p>\n<p><!-- wp:paragraph --><\/p>\n<h3><img fetchpriority=\"high\" decoding=\"async\" class=\"alignleft\" src=\"https:\/\/www.glitter.si\/wp-content\/uploads\/2026\/04\/Blog-lorella2-skort-airmesh2.jpg\" alt=\"\" width=\"480\" height=\"276\"><span style=\"font-family: Cinzel; font-size: 1.25rem; font-style: normal; font-weight: 400;\">LORELLA FLEGO<\/span><\/h3>\n<p><span style=\"font-size: 18px;\">Obo\u017eujem biti \u017eenska in tega ne bi zamenjala za ni\u010d na svetu. Moda mi je bila polo\u017eena v zibelko, v njeni dru\u017ebi pa mi ni nikoli dolg\u010das. Glitter.si je moj osebni pogled v svet, ki je v\u010dasih ro\u017enato obarvan, drugi\u010d di\u0161i po \u010dlove\u0161kih odnosih in psihologiji, tretji\u010d je lahkoten in prijeten, kot bi se nahajal na krilih ka\u010djega pastirja. Imam veliko razli\u010dnih odtenkov, a v vsakem boste z lahkoto na\u0161le tudi ko\u0161\u010dek sebe. V \u010dast si \u0161tejem, da lahko svobodno in mirno zapi\u0161em svoje misli in vem, da vas je na drugi strani veliko. Upam, da bo branje prijetno, pou\u010dno in tudi zabavno, ker je \u017eivljenje prekratko zato, da bi ga tratile s stvarmi, ki nam niso preve\u010d v\u0161e\u010d.&nbsp;Najdete me tudi na <\/span><a style=\"font-size: 18px; background-color: #ffffff;\" href=\"http:\/\/www.lorellaflego.com\" target=\"_blank\" rel=\"noopener noreferrer\">www.lorellaflego.com<\/a><span style=\"font-size: 18px;\"> in na <\/span><a style=\"font-size: 18px; background-color: #ffffff;\" href=\"http:\/\/www.gracefulstory.com\" target=\"_blank\" rel=\"noopener noreferrer\">www.gracefulstory.com<\/a>&nbsp;<\/p><p><span style=\"font-size: 18px;\">Vesela bom va\u0161e po\u0161te!&nbsp;<\/span><a href=\"mailto:lorella@glitter.si\" target=\"_blank\" rel=\"noopener noreferrer\" style=\"font-size: 18px; background-color: rgb(255, 255, 255);\"><strong>lorella@glitter.si<\/strong><\/a><\/p>\n<p><\/p>\n<p><!-- \/wp:paragraph --><\/p>\n<p><!-- wp:paragraph --><\/p>\n<p><br><\/p><p><img decoding=\"async\" class=\"alignleft\" src=\"https:\/\/www.glitter.si\/wp-content\/uploads\/2026\/04\/lucy.jpg\" alt=\"\" width=\"480\" height=\"319\"><\/p>\n<h3>LUCY T.&nbsp;<\/h3>\n<p>Ljubiteljica narave, besed, glasbe, potovanj, organiziranosti in seveda vsega, kar di\u0161i po lepoti in glamurju, sem oseba, ki izbira mirno \u017eivljenje, zgrajeno na vrednotah ter za\u010dinjeno z nasmehom \u2013 ker os \u017eivljenja ni zasidrana v kozmeti\u010dno povr\u0161inskem, temve\u010d v harmoniji in so\u017eitju ter v iskanju in ustvarjanju lepote v vseh njenih oblikah in izrazih.&nbsp;Za svojo du\u0161o in za vas vse od samega za\u010detka redno pi\u0161em zgodbo Glitter strani, medtem ko vas od leta 2017 lahko povabim tudi v mojo osebno, trojezi\u010dno\u2026 miselno de\u017eelo: <a href=\"http:\/\/www.lucyland.online\" target=\"_blank\" rel=\"noopener noreferrer\">www.lucyland.online<\/a><\/p>\n<p><!-- \/wp:paragraph --><\/p>\n<p><!-- wp:paragraph --><\/p>\n<p><\/p>\n<p>Vesela bom va\u0161e po\u0161te! <strong><a href=\"mailto:lucy@glitter.si\" target=\"_blank\" rel=\"noopener noreferrer\">lucy@glitter.si<\/a><\/strong><\/p><p><br><\/p>\n<p><!-- \/wp:paragraph --><\/p>\n<p><!-- wp:paragraph --><\/p>\n<p><\/p>\n<p><img decoding=\"async\" class=\"alignleft\" src=\"https:\/\/www.glitter.si\/wp-content\/uploads\/2026\/04\/natasa.jpg\" alt=\"\" width=\"384\" height=\"480\"><\/p>\n<h3>NATA\u0160A FRAN\u010cI\u010c<\/h3>\n<p>Ustvarjanje za ra\u010dunalni\u0161kim ekranom ter pisanje o lepoti in modi je del mojega \u017eivljenja \u017ee nekaj \u010dasa, saj od leta 2014 pi\u0161em za Glitter.si. Ljubezen do vsega lepega pa gojim \u017ee iz otro\u0161tva; ta se je sprva razvila iz opazovanja babice pri \u0161ivanju, ko sem za\u010dutila mo\u010d obla\u010dil in mode nasploh. Iskrice v o\u010deh \u017eensk, ki so pomerjale nova, po meri narejena obla\u010dila, so se mi vtisnila v spomin in za\u010dutila sem samozavest, ki je pri\u0161la globoko iz njih. Od tistega trenutka naprej i\u0161\u010dem to iskrico povsod okoli sebe, res pa jo \u0161e vedno najve\u010dkrat najdem prav v modi in lepoti. Vabim vas, da si med branjem \u010dlankov nadenete ro\u017enata o\u010dala in pokukate v del\u010dek mojega sveta. Zagotovo boste tudi same na\u0161le kak\u0161no iskrico, saj jo vsi i\u0161\u010demo.&nbsp;Najdete pa me prav tako na blogu:&nbsp;<a href=\"http:\/\/www.natasafrancic.com\" target=\"_blank\" rel=\"noopener noreferrer\">www.natasafrancic.com<\/a>, ki je moj pogled na svet, modo, lepoto in na vse stvari, ki me osre\u010dujejo.<\/p>\n<p><!-- \/wp:paragraph --><\/p>\n<p><!-- wp:paragraph --><\/p>\n<p>Vesela bom va\u0161e po\u0161te! <strong><a href=\"mailto:natasa@glitter.si\" target=\"_blank\" rel=\"noopener noreferrer\">natasa@glitter.si<\/a><\/strong><\/p>\n<p><!-- \/wp:paragraph --><\/p>\n<p><!-- wp:heading {\"level\":5} --><\/p>\n<h5>&nbsp;<\/h5>\n<p><!-- \/wp:heading --><\/p>\n<p><!-- wp:heading {\"level\":5,\"align\":\"center\"} --><\/p>\n<h5>&nbsp;<\/h5>\n<h5>&nbsp;<\/h5>\n<h5 style=\"text-align: center;\">Administrator spletne strani, YT in FB:<\/h5>\n<p style=\"text-align: center;\"><!-- \/wp:heading --><\/p>\n<p style=\"text-align: center;\"><!-- wp:paragraph {\"align\":\"center\"} --><\/p>\n<p style=\"text-align: center;\">Sladjan Ljubojevi\u0107 (<a href=\"http:\/\/www.videostoritve.si\" target=\"_blank\" rel=\"noopener noreferrer\">E.D.I.T.<\/a>)<\/p>\n<p style=\"text-align: center;\"><!-- \/wp:paragraph --><\/p>\n<p style=\"text-align: center;\"><!-- wp:heading {\"level\":5,\"align\":\"center\"} --><\/p>\n<h5 style=\"text-align: center;\">Lektorica:<\/h5>\n<p style=\"text-align: center;\"><!-- \/wp:heading --><\/p>\n<p style=\"text-align: center;\"><!-- wp:paragraph {\"align\":\"center\"} --><\/p>\n<p style=\"text-align: center;\">Svetlana Pradeno<\/p>\n<p style=\"text-align: center;\"><!-- \/wp:paragraph --><\/p>\n<p style=\"text-align: center;\"><!-- wp:heading {\"level\":5,\"align\":\"center\"} --><\/p>\n<h5 style=\"text-align: center;\">Fotografi:<\/h5>\n<p style=\"text-align: center;\"><!-- \/wp:heading --><\/p>\n<p style=\"text-align: center;\"><!-- wp:paragraph {\"align\":\"center\"} --><\/p>\n<p style=\"text-align: center;\">Ale\u0161 Zen<\/p>\n<p style=\"text-align: center;\"><!-- \/wp:paragraph --><\/p>\n<p style=\"text-align: center;\"><!-- wp:heading {\"level\":5,\"align\":\"center\"} --><\/p>\n<h5 style=\"text-align: center;\">Snemalci:<\/h5>\n<p style=\"text-align: center;\"><!-- \/wp:heading --><\/p>\n<p style=\"text-align: center;\"><!-- wp:paragraph {\"align\":\"center\"} --><\/p>\n<p style=\"text-align: center;\">Sladjan Ljubojevi\u0107<\/p>\n<p style=\"text-align: center;\"><!-- \/wp:paragraph --><\/p>\n<p style=\"text-align: center;\"><!-- wp:paragraph {\"align\":\"center\"} --><\/p>\n<p style=\"text-align: center;\">Ale\u0161 Zen<\/p>\n<p style=\"text-align: center;\"><!-- \/wp:paragraph --><\/p>\n<p style=\"text-align: center;\"><!-- wp:paragraph {\"align\":\"center\"} --><\/p>\n<p style=\"text-align: center;\">Spletni medij Glitter.si je zapisan v razvidu medijev pod zap. \u0161t.&nbsp;1710<\/p>\n<p><!-- \/wp:paragraph --><\/p>\t\t\t\t\t\t\t\t<\/div>\n\t\t\t\t\t<\/div>\n\t\t\t\t<\/div>\n\t\t\t\t<div class=\"elementor-element elementor-element-3f6b56d e-con e-atomic-element e-flexbox-base\" data-id=\"3f6b56d\" data-element_type=\"e-flexbox\" data-e-type=\"e-flexbox\" data-interaction-id=\"3f6b56d\">\n\t\t\t\t<\/div>\n\t\t\t\t<\/div>\n\t\t","protected":false},"excerpt":{"rendered":"<p>Glitter ekipa &nbsp; LORELLA FLEGO Obo\u017eujem biti \u017eenska in tega ne bi zamenjala za ni\u010d na svetu. Moda mi je bila polo\u017eena v zibelko, v njeni dru\u017ebi pa mi ni nikoli dolg\u010das. Glitter.si je moj osebni pogled v svet, ki je v\u010dasih ro\u017enato obarvan, drugi\u010d di\u0161i po \u010dlove\u0161kih odnosih in psihologiji, tretji\u010d je lahkoten in [&hellip;]<\/p>\n","protected":false},"author":4,"featured_media":0,"parent":0,"menu_order":0,"comment_status":"closed","ping_status":"closed","template":"","meta":{"footnotes":""},"class_list":["post-164044","page","type-page","status-publish"],"yoast_head":"<!-- This site is optimized with the Yoast SEO plugin v27.4 - https:\/\/yoast.com\/product\/yoast-seo-wordpress\/ -->\n<title>Glitter ekipa - Glitter.si<\/title>\n<meta name=\"robots\" content=\"index, follow, max-snippet:-1, max-image-preview:large, max-video-preview:-1\" \/>\n<link rel=\"canonical\" href=\"https:\/\/www.glitter.si\/?page_id=164044\" \/>\n<meta property=\"og:locale\" content=\"sl_SI\" \/>\n<meta property=\"og:type\" content=\"article\" \/>\n<meta property=\"og:title\" content=\"Glitter ekipa - Glitter.si\" \/>\n<meta property=\"og:description\" content=\"Glitter ekipa &nbsp; LORELLA FLEGO Obo\u017eujem biti \u017eenska in tega ne bi zamenjala za ni\u010d na svetu. Moda mi je bila polo\u017eena v zibelko, v njeni dru\u017ebi pa mi ni nikoli dolg\u010das. Glitter.si je moj osebni pogled v svet, ki je v\u010dasih ro\u017enato obarvan, drugi\u010d di\u0161i po \u010dlove\u0161kih odnosih in psihologiji, tretji\u010d je lahkoten in [&hellip;]\" \/>\n<meta property=\"og:url\" content=\"https:\/\/www.glitter.si\/?page_id=164044\" \/>\n<meta property=\"og:site_name\" content=\"Glitter.si\" \/>\n<meta property=\"article:modified_time\" content=\"2026-04-25T10:50:33+00:00\" \/>\n<meta property=\"og:image\" content=\"https:\/\/www.glitter.si\/wp-content\/uploads\/2026\/04\/Blog-lorella2-skort-airmesh2.jpg\" \/>\n<meta name=\"twitter:card\" content=\"summary_large_image\" \/>\n<meta name=\"twitter:label1\" content=\"Est. reading time\" \/>\n\t<meta name=\"twitter:data1\" content=\"2 minuti\" \/>\n<script type=\"application\/ld+json\" class=\"yoast-schema-graph\">{\"@context\":\"https:\\\/\\\/schema.org\",\"@graph\":[{\"@type\":\"WebPage\",\"@id\":\"https:\\\/\\\/www.glitter.si\\\/?page_id=164044\",\"url\":\"https:\\\/\\\/www.glitter.si\\\/?page_id=164044\",\"name\":\"Glitter ekipa - Glitter.si\",\"isPartOf\":{\"@id\":\"https:\\\/\\\/www.glitter.si\\\/#website\"},\"primaryImageOfPage\":{\"@id\":\"https:\\\/\\\/www.glitter.si\\\/?page_id=164044#primaryimage\"},\"image\":{\"@id\":\"https:\\\/\\\/www.glitter.si\\\/?page_id=164044#primaryimage\"},\"thumbnailUrl\":\"https:\\\/\\\/www.glitter.si\\\/wp-content\\\/uploads\\\/2026\\\/04\\\/Blog-lorella2-skort-airmesh2.jpg\",\"datePublished\":\"2018-12-31T14:32:01+00:00\",\"dateModified\":\"2026-04-25T10:50:33+00:00\",\"breadcrumb\":{\"@id\":\"https:\\\/\\\/www.glitter.si\\\/?page_id=164044#breadcrumb\"},\"inLanguage\":\"sl-SI\",\"potentialAction\":[{\"@type\":\"ReadAction\",\"target\":[\"https:\\\/\\\/www.glitter.si\\\/?page_id=164044\"]}]},{\"@type\":\"ImageObject\",\"inLanguage\":\"sl-SI\",\"@id\":\"https:\\\/\\\/www.glitter.si\\\/?page_id=164044#primaryimage\",\"url\":\"https:\\\/\\\/www.glitter.si\\\/wp-content\\\/uploads\\\/2026\\\/04\\\/Blog-lorella2-skort-airmesh2.jpg\",\"contentUrl\":\"https:\\\/\\\/www.glitter.si\\\/wp-content\\\/uploads\\\/2026\\\/04\\\/Blog-lorella2-skort-airmesh2.jpg\",\"width\":781,\"height\":448},{\"@type\":\"BreadcrumbList\",\"@id\":\"https:\\\/\\\/www.glitter.si\\\/?page_id=164044#breadcrumb\",\"itemListElement\":[{\"@type\":\"ListItem\",\"position\":1,\"name\":\"Home\",\"item\":\"https:\\\/\\\/www.glitter.si\\\/\"},{\"@type\":\"ListItem\",\"position\":2,\"name\":\"Glitter ekipa\"}]},{\"@type\":\"WebSite\",\"@id\":\"https:\\\/\\\/www.glitter.si\\\/#website\",\"url\":\"https:\\\/\\\/www.glitter.si\\\/\",\"name\":\"Glitter.si\",\"description\":\"spletna stran o vsem lepem\",\"potentialAction\":[{\"@type\":\"SearchAction\",\"target\":{\"@type\":\"EntryPoint\",\"urlTemplate\":\"https:\\\/\\\/www.glitter.si\\\/?s={search_term_string}\"},\"query-input\":{\"@type\":\"PropertyValueSpecification\",\"valueRequired\":true,\"valueName\":\"search_term_string\"}}],\"inLanguage\":\"sl-SI\"}]}<\/script>\n<!-- \/ Yoast SEO plugin. -->","yoast_head_json":{"title":"Glitter ekipa - Glitter.si","robots":{"index":"index","follow":"follow","max-snippet":"max-snippet:-1","max-image-preview":"max-image-preview:large","max-video-preview":"max-video-preview:-1"},"canonical":"https:\/\/www.glitter.si\/?page_id=164044","og_locale":"sl_SI","og_type":"article","og_title":"Glitter ekipa - Glitter.si","og_description":"Glitter ekipa &nbsp; LORELLA FLEGO Obo\u017eujem biti \u017eenska in tega ne bi zamenjala za ni\u010d na svetu. Moda mi je bila polo\u017eena v zibelko, v njeni dru\u017ebi pa mi ni nikoli dolg\u010das. Glitter.si je moj osebni pogled v svet, ki je v\u010dasih ro\u017enato obarvan, drugi\u010d di\u0161i po \u010dlove\u0161kih odnosih in psihologiji, tretji\u010d je lahkoten in [&hellip;]","og_url":"https:\/\/www.glitter.si\/?page_id=164044","og_site_name":"Glitter.si","article_modified_time":"2026-04-25T10:50:33+00:00","og_image":[{"url":"https:\/\/www.glitter.si\/wp-content\/uploads\/2026\/04\/Blog-lorella2-skort-airmesh2.jpg","type":"","width":"","height":""}],"twitter_card":"summary_large_image","twitter_misc":{"Est. reading time":"2 minuti"},"schema":{"@context":"https:\/\/schema.org","@graph":[{"@type":"WebPage","@id":"https:\/\/www.glitter.si\/?page_id=164044","url":"https:\/\/www.glitter.si\/?page_id=164044","name":"Glitter ekipa - Glitter.si","isPartOf":{"@id":"https:\/\/www.glitter.si\/#website"},"primaryImageOfPage":{"@id":"https:\/\/www.glitter.si\/?page_id=164044#primaryimage"},"image":{"@id":"https:\/\/www.glitter.si\/?page_id=164044#primaryimage"},"thumbnailUrl":"https:\/\/www.glitter.si\/wp-content\/uploads\/2026\/04\/Blog-lorella2-skort-airmesh2.jpg","datePublished":"2018-12-31T14:32:01+00:00","dateModified":"2026-04-25T10:50:33+00:00","breadcrumb":{"@id":"https:\/\/www.glitter.si\/?page_id=164044#breadcrumb"},"inLanguage":"sl-SI","potentialAction":[{"@type":"ReadAction","target":["https:\/\/www.glitter.si\/?page_id=164044"]}]},{"@type":"ImageObject","inLanguage":"sl-SI","@id":"https:\/\/www.glitter.si\/?page_id=164044#primaryimage","url":"https:\/\/www.glitter.si\/wp-content\/uploads\/2026\/04\/Blog-lorella2-skort-airmesh2.jpg","contentUrl":"https:\/\/www.glitter.si\/wp-content\/uploads\/2026\/04\/Blog-lorella2-skort-airmesh2.jpg","width":781,"height":448},{"@type":"BreadcrumbList","@id":"https:\/\/www.glitter.si\/?page_id=164044#breadcrumb","itemListElement":[{"@type":"ListItem","position":1,"name":"Home","item":"https:\/\/www.glitter.si\/"},{"@type":"ListItem","position":2,"name":"Glitter ekipa"}]},{"@type":"WebSite","@id":"https:\/\/www.glitter.si\/#website","url":"https:\/\/www.glitter.si\/","name":"Glitter.si","description":"spletna stran o vsem lepem","potentialAction":[{"@type":"SearchAction","target":{"@type":"EntryPoint","urlTemplate":"https:\/\/www.glitter.si\/?s={search_term_string}"},"query-input":{"@type":"PropertyValueSpecification","valueRequired":true,"valueName":"search_term_string"}}],"inLanguage":"sl-SI"}]}},"_links":{"self":[{"href":"https:\/\/www.glitter.si\/index.php?rest_route=\/wp\/v2\/pages\/164044","targetHints":{"allow":["GET"]}}],"collection":[{"href":"https:\/\/www.glitter.si\/index.php?rest_route=\/wp\/v2\/pages"}],"about":[{"href":"https:\/\/www.glitter.si\/index.php?rest_route=\/wp\/v2\/types\/page"}],"author":[{"embeddable":true,"href":"https:\/\/www.glitter.si\/index.php?rest_route=\/wp\/v2\/users\/4"}],"replies":[{"embeddable":true,"href":"https:\/\/www.glitter.si\/index.php?rest_route=%2Fwp%2Fv2%2Fcomments&post=164044"}],"version-history":[{"count":14,"href":"https:\/\/www.glitter.si\/index.php?rest_route=\/wp\/v2\/pages\/164044\/revisions"}],"predecessor-version":[{"id":358867,"href":"https:\/\/www.glitter.si\/index.php?rest_route=\/wp\/v2\/pages\/164044\/revisions\/358867"}],"wp:attachment":[{"href":"https:\/\/www.glitter.si\/index.php?rest_route=%2Fwp%2Fv2%2Fmedia&parent=164044"}],"curies":[{"name":"wp","href":"https:\/\/api.w.org\/{rel}","templated":true}]}}