{"id":43,"date":"2011-12-06T21:53:23","date_gmt":"2011-12-06T20:53:23","guid":{"rendered":"http:\/\/www.glitter.si\/?page_id=43"},"modified":"2026-04-24T13:42:15","modified_gmt":"2026-04-24T11:42:15","slug":"o-glitter","status":"publish","type":"page","link":"https:\/\/www.glitter.si\/?page_id=43","title":{"rendered":"O Glitter.si"},"content":{"rendered":"<p style=\"text-align: justify;\">Za\u010delo se je skoraj srame\u017eljivo, kot no\u010dna hoja po prstih, ko si ne \u017eeli\u0161 zbuditi tistih, ki \u0161e mirno po\u010divajo. Po\u010dasi, a z veliko mero resnosti in samozavesti je postal glitter.si portal mode, lepote, estetike, \u017eenske psihologije in trendov, postal je na\u0161 in hrati tudi va\u0161 svet. Tukaj boste dnevno na\u0161li nove teme in prispevke, veliko video vsebin, vloge, oddaje o modi in \u0161e kaj bi se na\u0161lo. Rastemo, z vami dihamo, ujamemo nove smernice in smo ponosni, da vas je na drugi strani veliko.<\/p>\n<p style=\"text-align: justify;\"><img fetchpriority=\"high\" decoding=\"async\" class=\"aligncenter size-full wp-image-164038\" src=\"http:\/\/www.glitter.si\/wp-content\/uploads\/OPIS-GLITTER.SI_.jpg\" alt=\"\" width=\"535\" height=\"800\" \/><\/p>\n<p style=\"text-align: center;\">In kot bi rekel Tone Pav\u010dek:<\/p>\n<p style=\"text-align: center;\"><em>Ko hodi\u0161,<br \/>\npojdi zmeraj do konca.<br \/>\nSpomladi do ro\u017ene cvetice,<br \/>\npoleti do zrele p\u0161enice,<br \/>\njeseni do polne police,<br \/>\npozimi do sne\u017ene kraljice,<br \/>\nv knjigi do zadnje vrstice,<br \/>\nv \u017eivljenju do prave resnice,<br \/>\nv sebi do rde\u010dice \u010dez eno in drugo lice.<br \/>\nA \u010de ne pride\u0161 ne prvi\u010d, ne drugi\u010d<br \/>\ndo krova in pravega kova<br \/>\nposkusi: vnovi\u010d in zopet in znova.<\/em><\/p>\n","protected":false},"excerpt":{"rendered":"<p>Za\u010delo se je skoraj srame\u017eljivo, kot no\u010dna hoja po prstih, ko si ne \u017eeli\u0161 zbuditi tistih, ki \u0161e mirno po\u010divajo. Po\u010dasi, a z veliko mero resnosti in samozavesti je postal glitter.si portal mode, lepote, estetike, \u017eenske psihologije in trendov, postal je na\u0161 in hrati tudi va\u0161 svet. Tukaj boste dnevno na\u0161li nove teme in prispevke, [&hellip;]<\/p>\n","protected":false},"author":1,"featured_media":0,"parent":0,"menu_order":1,"comment_status":"open","ping_status":"open","template":"","meta":{"footnotes":""},"class_list":["post-43","page","type-page","status-publish"],"yoast_head":"<!-- This site is optimized with the Yoast SEO plugin v27.4 - https:\/\/yoast.com\/product\/yoast-seo-wordpress\/ -->\n<title>O Glitter.si - Glitter.si<\/title>\n<meta name=\"robots\" content=\"index, follow, max-snippet:-1, max-image-preview:large, max-video-preview:-1\" \/>\n<link rel=\"canonical\" href=\"https:\/\/www.glitter.si\/?page_id=43\" \/>\n<meta property=\"og:locale\" content=\"sl_SI\" \/>\n<meta property=\"og:type\" content=\"article\" \/>\n<meta property=\"og:title\" content=\"O Glitter.si - Glitter.si\" \/>\n<meta property=\"og:description\" content=\"Za\u010delo se je skoraj srame\u017eljivo, kot no\u010dna hoja po prstih, ko si ne \u017eeli\u0161 zbuditi tistih, ki \u0161e mirno po\u010divajo. Po\u010dasi, a z veliko mero resnosti in samozavesti je postal glitter.si portal mode, lepote, estetike, \u017eenske psihologije in trendov, postal je na\u0161 in hrati tudi va\u0161 svet. Tukaj boste dnevno na\u0161li nove teme in prispevke, [&hellip;]\" \/>\n<meta property=\"og:url\" content=\"https:\/\/www.glitter.si\/?page_id=43\" \/>\n<meta property=\"og:site_name\" content=\"Glitter.si\" \/>\n<meta property=\"article:modified_time\" content=\"2026-04-24T11:42:15+00:00\" \/>\n<meta property=\"og:image\" content=\"https:\/\/www.glitter.si\/wp-content\/uploads\/2018\/12\/OPIS-GLITTER.SI_.jpg\" \/>\n\t<meta property=\"og:image:width\" content=\"535\" \/>\n\t<meta property=\"og:image:height\" content=\"800\" \/>\n\t<meta property=\"og:image:type\" content=\"image\/jpeg\" \/>\n<meta name=\"twitter:card\" content=\"summary_large_image\" \/>\n<meta name=\"twitter:label1\" content=\"Est. reading time\" \/>\n\t<meta name=\"twitter:data1\" content=\"1 minuta\" \/>\n<script type=\"application\/ld+json\" class=\"yoast-schema-graph\">{\"@context\":\"https:\\\/\\\/schema.org\",\"@graph\":[{\"@type\":\"WebPage\",\"@id\":\"https:\\\/\\\/www.glitter.si\\\/?page_id=43\",\"url\":\"https:\\\/\\\/www.glitter.si\\\/?page_id=43\",\"name\":\"O Glitter.si - Glitter.si\",\"isPartOf\":{\"@id\":\"https:\\\/\\\/www.glitter.si\\\/#website\"},\"primaryImageOfPage\":{\"@id\":\"https:\\\/\\\/www.glitter.si\\\/?page_id=43#primaryimage\"},\"image\":{\"@id\":\"https:\\\/\\\/www.glitter.si\\\/?page_id=43#primaryimage\"},\"thumbnailUrl\":\"http:\\\/\\\/www.glitter.si\\\/wp-content\\\/uploads\\\/OPIS-GLITTER.SI_.jpg\",\"datePublished\":\"2011-12-06T20:53:23+00:00\",\"dateModified\":\"2026-04-24T11:42:15+00:00\",\"breadcrumb\":{\"@id\":\"https:\\\/\\\/www.glitter.si\\\/?page_id=43#breadcrumb\"},\"inLanguage\":\"sl-SI\",\"potentialAction\":[{\"@type\":\"ReadAction\",\"target\":[\"https:\\\/\\\/www.glitter.si\\\/?page_id=43\"]}]},{\"@type\":\"ImageObject\",\"inLanguage\":\"sl-SI\",\"@id\":\"https:\\\/\\\/www.glitter.si\\\/?page_id=43#primaryimage\",\"url\":\"https:\\\/\\\/www.glitter.si\\\/wp-content\\\/uploads\\\/2018\\\/12\\\/OPIS-GLITTER.SI_.jpg\",\"contentUrl\":\"https:\\\/\\\/www.glitter.si\\\/wp-content\\\/uploads\\\/2018\\\/12\\\/OPIS-GLITTER.SI_.jpg\",\"width\":535,\"height\":800},{\"@type\":\"BreadcrumbList\",\"@id\":\"https:\\\/\\\/www.glitter.si\\\/?page_id=43#breadcrumb\",\"itemListElement\":[{\"@type\":\"ListItem\",\"position\":1,\"name\":\"Home\",\"item\":\"https:\\\/\\\/www.glitter.si\\\/\"},{\"@type\":\"ListItem\",\"position\":2,\"name\":\"O Glitter.si\"}]},{\"@type\":\"WebSite\",\"@id\":\"https:\\\/\\\/www.glitter.si\\\/#website\",\"url\":\"https:\\\/\\\/www.glitter.si\\\/\",\"name\":\"Glitter.si\",\"description\":\"spletna stran o vsem lepem\",\"potentialAction\":[{\"@type\":\"SearchAction\",\"target\":{\"@type\":\"EntryPoint\",\"urlTemplate\":\"https:\\\/\\\/www.glitter.si\\\/?s={search_term_string}\"},\"query-input\":{\"@type\":\"PropertyValueSpecification\",\"valueRequired\":true,\"valueName\":\"search_term_string\"}}],\"inLanguage\":\"sl-SI\"}]}<\/script>\n<!-- \/ Yoast SEO plugin. -->","yoast_head_json":{"title":"O Glitter.si - Glitter.si","robots":{"index":"index","follow":"follow","max-snippet":"max-snippet:-1","max-image-preview":"max-image-preview:large","max-video-preview":"max-video-preview:-1"},"canonical":"https:\/\/www.glitter.si\/?page_id=43","og_locale":"sl_SI","og_type":"article","og_title":"O Glitter.si - Glitter.si","og_description":"Za\u010delo se je skoraj srame\u017eljivo, kot no\u010dna hoja po prstih, ko si ne \u017eeli\u0161 zbuditi tistih, ki \u0161e mirno po\u010divajo. Po\u010dasi, a z veliko mero resnosti in samozavesti je postal glitter.si portal mode, lepote, estetike, \u017eenske psihologije in trendov, postal je na\u0161 in hrati tudi va\u0161 svet. Tukaj boste dnevno na\u0161li nove teme in prispevke, [&hellip;]","og_url":"https:\/\/www.glitter.si\/?page_id=43","og_site_name":"Glitter.si","article_modified_time":"2026-04-24T11:42:15+00:00","og_image":[{"width":535,"height":800,"url":"https:\/\/www.glitter.si\/wp-content\/uploads\/2018\/12\/OPIS-GLITTER.SI_.jpg","type":"image\/jpeg"}],"twitter_card":"summary_large_image","twitter_misc":{"Est. reading time":"1 minuta"},"schema":{"@context":"https:\/\/schema.org","@graph":[{"@type":"WebPage","@id":"https:\/\/www.glitter.si\/?page_id=43","url":"https:\/\/www.glitter.si\/?page_id=43","name":"O Glitter.si - Glitter.si","isPartOf":{"@id":"https:\/\/www.glitter.si\/#website"},"primaryImageOfPage":{"@id":"https:\/\/www.glitter.si\/?page_id=43#primaryimage"},"image":{"@id":"https:\/\/www.glitter.si\/?page_id=43#primaryimage"},"thumbnailUrl":"http:\/\/www.glitter.si\/wp-content\/uploads\/OPIS-GLITTER.SI_.jpg","datePublished":"2011-12-06T20:53:23+00:00","dateModified":"2026-04-24T11:42:15+00:00","breadcrumb":{"@id":"https:\/\/www.glitter.si\/?page_id=43#breadcrumb"},"inLanguage":"sl-SI","potentialAction":[{"@type":"ReadAction","target":["https:\/\/www.glitter.si\/?page_id=43"]}]},{"@type":"ImageObject","inLanguage":"sl-SI","@id":"https:\/\/www.glitter.si\/?page_id=43#primaryimage","url":"https:\/\/www.glitter.si\/wp-content\/uploads\/2018\/12\/OPIS-GLITTER.SI_.jpg","contentUrl":"https:\/\/www.glitter.si\/wp-content\/uploads\/2018\/12\/OPIS-GLITTER.SI_.jpg","width":535,"height":800},{"@type":"BreadcrumbList","@id":"https:\/\/www.glitter.si\/?page_id=43#breadcrumb","itemListElement":[{"@type":"ListItem","position":1,"name":"Home","item":"https:\/\/www.glitter.si\/"},{"@type":"ListItem","position":2,"name":"O Glitter.si"}]},{"@type":"WebSite","@id":"https:\/\/www.glitter.si\/#website","url":"https:\/\/www.glitter.si\/","name":"Glitter.si","description":"spletna stran o vsem lepem","potentialAction":[{"@type":"SearchAction","target":{"@type":"EntryPoint","urlTemplate":"https:\/\/www.glitter.si\/?s={search_term_string}"},"query-input":{"@type":"PropertyValueSpecification","valueRequired":true,"valueName":"search_term_string"}}],"inLanguage":"sl-SI"}]}},"_links":{"self":[{"href":"https:\/\/www.glitter.si\/index.php?rest_route=\/wp\/v2\/pages\/43","targetHints":{"allow":["GET"]}}],"collection":[{"href":"https:\/\/www.glitter.si\/index.php?rest_route=\/wp\/v2\/pages"}],"about":[{"href":"https:\/\/www.glitter.si\/index.php?rest_route=\/wp\/v2\/types\/page"}],"author":[{"embeddable":true,"href":"https:\/\/www.glitter.si\/index.php?rest_route=\/wp\/v2\/users\/1"}],"replies":[{"embeddable":true,"href":"https:\/\/www.glitter.si\/index.php?rest_route=%2Fwp%2Fv2%2Fcomments&post=43"}],"version-history":[{"count":1,"href":"https:\/\/www.glitter.si\/index.php?rest_route=\/wp\/v2\/pages\/43\/revisions"}],"predecessor-version":[{"id":358720,"href":"https:\/\/www.glitter.si\/index.php?rest_route=\/wp\/v2\/pages\/43\/revisions\/358720"}],"wp:attachment":[{"href":"https:\/\/www.glitter.si\/index.php?rest_route=%2Fwp%2Fv2%2Fmedia&parent=43"}],"curies":[{"name":"wp","href":"https:\/\/api.w.org\/{rel}","templated":true}]}}